{"id":7,"date":"2013-10-23T08:02:24","date_gmt":"2013-10-23T08:02:24","guid":{"rendered":"http:\/\/www.obs-gieten.nl\/?page_id=7"},"modified":"2017-11-14T16:22:27","modified_gmt":"2017-11-14T15:22:27","slug":"profiel","status":"publish","type":"page","link":"https:\/\/obsdedobbe.nl\/?page_id=7","title":{"rendered":"Profiel"},"content":{"rendered":"<h4>Inleiding<\/h4>\n<p>Leren doe je zelf, niemand anders kan dat voor jou doen. Een actieve werkhouding en motivatie zijn belangrijke factoren in een goed leerproces.<br \/>\nIn een actieve en ondernemende school worden leerlingen niet gezien als consumenten van kennis, maar als leerlingen die werken aan concrete uitdagingen. Hierbij zijn inzet, eigen initiatief, verantwoordelijkheid nemen en creativiteit kenmerkend. Als school geven wij invulling aan de kerndoelen die voor het primair onderwijs zijn opgesteld. Deze kerndoelen bieden voldoende bewegingsvrijheid voor leerkrachten en leerlingen om invulling te geven aan ons schoolprofiel.<br \/>\nIn onze profielschets wordt duidelijk gemaakt hoe ons schoolteam wil werken aan doel, inhoud en organisatie van het onderwijs. Het gaat vooral om datgene waarin de school zich onderscheidt van andere scholen.<br \/>\nHet is een instrument voor het onderwijskundig beleid in de school.<br \/>\nIn het nascholingsbeleid, het personeelsbeleid en het bestedingsbeleid wordt hier rekening mee gehouden. Een profielschets heeft een toekomstig karakter en kan daarom ook daar waar nodig bijgesteld worden.<br \/>\nDe zes sleutelvragen<\/p>\n<p>Een profielschets wordt opgebouwd aan de hand van de volgende 6 sleutelvragen:<br \/>\n1. 1.Welk (ideaal)beeld, eindprofiel hebben we van een leerling die onze school verlaat?<br \/>\n2. 2.Op welke wijze bevordert de schoolcultuur de vorming van de leerling?<br \/>\n3. 3.Hoe is aan de inrichting van de school en de schoolomgeving in het profiel te herkennen?<br \/>\n4. 4.Welke hoogtepunten in het schoolprogramma zijn kenmerkend voor de gemaakte keuzes?<br \/>\n5. 5.Welke buitenschoolse contacten hebben we nodig voor de realisatie van het schoolprofiel?<br \/>\n6. 6.Welke bijzondere kwaliteiten vraagt het beoogde profiel van de afzonderlijke<br \/>\n7. leerkrachten?<\/p>\n<p>De antwoorden op deze sleutelvragen maken het profiel duidelijk. Er wordt gestreefd naar een duidelijke samenhang tussen alle zes de aspecten.<\/p>\n<h4>1. Eindprofiel leerling<\/h4>\n<p>Reisverslag van de leerlingen van De Dobbe<br \/>\nIk ga op pad en ik neem mee een lege rugzak die ik tijdens mijn reis met bagage en souvenirs kan vullen.<br \/>\nIk verheug me op de reis. Ik ben heel nieuwsgierig naar wat ik allemaal ga zien, beleven en ontdekken tijdens mijn reis. Onderweg leer ik mezelf steeds beter kennen. Ik ontdek waar ik goed in ben en waar ik hulp bij nodig heb. Ook ontdek ik dat ik anderen zelf ook kan helpen.<br \/>\nNaarmate mijn reis vordert, ontdek ik hoever ik in een dag kan komen. Na een poosje reizen, kan ik zelfs al een reisschema voor een week maken. Aan het eind van elke dag, kijk ik of ik nog op mijn reisschema lig. Als dat niet zo is, kijk ik hoe dat komt en probeer ik een manier te vinden om weer terug op mijn schema te komen. Ik stel mezelf als doel om op een bepaald moment van mijn reis op een specifiek punt te zijn en doe er dan ook alles aan op daar op tijd te zijn.<br \/>\nIk zeg niet van te voren dat ik iets niet kan. Ik wil eerst alles proberen en doe mijn best om het altijd zo goed mogelijk te doen. Steeds vaker merk ik dat ik veel meer kan dan ik van te voren had gedacht. Ik ontdek dat het sneller, beter en gemakkelijker gaat als ik er op een positieve manier tegenaan kijk.<br \/>\nOnderweg probeer ik zoveel mogelijk van het uitzicht te genieten. Hiervoor blijf ik soms even stilstaan. Ik kijk dan meteen even wat ik allemaal al bereikt heb en geniet daarvan. Ik ben zuinig op mijn spullen. Ook houd ik de omgeving netjes en schoon want anders zou ik het uitzicht voor anderen minder mooi maken.<br \/>\nIk leer dat het goed is mijn eigen weg te volgen maar dat ik soms de verkeerde route kies. Ik ontdek dat anderen mij soms weer op de juiste weg kunnen helpen. Ook merk ik dat ik sneller vooruit kom door m\u00e9t elkaar te reizen dan wanneer ik probeer het zo snel mogelijk alleen te doen. Ik kan de reistijd verkorten door aan anderen duidelijk te maken wat ik wil.<br \/>\nOnderweg zie ik dat niet iedereen alles op dezelfde manier doet, maar dat anders niet per se verkeerd hoeft te zijn. Ik ontdek dat het belangrijk is om naar de idee\u00ebn van anderen te luisteren. Doordat verschillende mensen mij op andere dingen wijzen tijdens mijn reis, leer ik op verschillende manieren tegen de wereld aan te kijken.<br \/>\nNatuurlijk maak ik onderweg ook fouten, maar wanneer er door die fouten problemen ontstaan, los ik ze zelf op en probeer ze niet op anderen af te schuiven.<br \/>\nHet gaat niet altijd zoals ik wil, maar ik ontdek dat ik zelf iets zal moeten ondernemen om door te kunnen gaan. Soms lukt dat me zelf, soms heb ik hulp nodig van anderen. Wanneer het me dan t\u00f3ch lukt, geeft dat me een extra goed gevoel. Soms kom ik een berg tegen die z\u00f3 hoog is dat ik er \u00e9cht niet overheen kom, al probeer ik het nog zo hard. Daar blijf ik dan niet te lang bij stilstaan. Ik accepteer het en zoek een andere weg.<br \/>\nIk vind het belangrijk om te weten hoe mijn omgeving eruit ziet om zo beter mijn weg te kunnen vinden. Ook vind ik het belangrijk om te weten wat er speelt in mijn omgeving. Daardoor begrijp ik beter hoe mensen reageren en kan ik daar beter mee omgaan.<br \/>\nNa deze reis ben ik tot de ontdekking gekomen dat er nog veel meer te zien en te beleven is. Gelukkig kan ik alle bagage die ik tijdens deze reis verzameld heb goed gebruiken bij het vervolg van mijn reis. Ik ga dan ook vol zelfvertrouwen verder!<\/p>\n<p>Aan het eind van de basisschoolperiode beschikt een leerling over het volgende competenties:<br \/>\n\u2022 Het nemen van initiatief ( binnen en buiten schoolverband)<br \/>\n\u2022 Het overzien van de consequenties van het initiatief<br \/>\n\u2022 Het nemen van risico&#8217;s<br \/>\n\u2022 Het dragen van verantwoordelijkheid voor de consequenties van het handelen<br \/>\n\u2022 Het zoeken naar oplossingen voor ontstane problemen<br \/>\n\u2022 Sociaal gedrag; erkenning en respect voor anderen<br \/>\n\u2022 Het kunnen luisteren naar anderen, het zorgvuldig omgaan met afspraken. Reflecteren op eigen handelen<br \/>\n\u2022 Het kunnen maken van een planning op langere termijn<br \/>\n\u2022 Het kunnen verdelen van taken\/rollen.<br \/>\n\u2022 Het goed kunnen omgaan met ICT<br \/>\nWij hebben vertrouwen in het ondernemende gedrag en de motivatie als dragers van het leerproces, waardoor de kerndoelen zullen worden bereikt!<\/p>\n<h4>2. Schoolcultuur<\/h4>\n<p>Cultuur maak je samen, omdat je het samen eens bent over hoe je je ten opzichte van en met elkaar gedraagt. Daarvoor zijn soms afspraken en regels nodig, die in protocollen aan een profielschets kunnen worden toegevoegd. Ook de leerlingen kunnen daar hun inbreng in hebben. Daarbij (ondersteuning van gemaakte afspraken) moet ook de rol van de ouders duidelijk zijn. Verder is ondersteuning van ouders bij activiteiten van grote waarde.<\/p>\n<p>Binnen onze school wordt veel nadruk gelegd op het zelf vinden van oplossingen voor vragen of problemen. Zelfstandig werken en samenwerken zijn daarbij belangrijk. Binnen een eenduidige structuur met dag en weektaken worden leerlingen uitgedaagd en gestimuleerd om zelf op zoek te gaan naar antwoorden en zelf verantwoordelijk te zijn voor hun prestaties. Onze leerlingen leren om, vanuit een eigen verantwoordelijkheid, goed te verwoorden hoe ze in hun vel zitten en wat ze van de sfeer en het gedrag van de groep vinden.<\/p>\n<h4>3. Inrichting school<\/h4>\n<p>Kenmerkend voor de school is de prachtige ligging. Onze school zorgt voor een inspirerende en uitdagende leeromgeving. We zijn een open en laagdrempelige school. Met een vleug gezond chauvinisme, stellen wij dat we \u201cHet Mooiste Schoolplein\u201d van Nederland hebben. Ons schoolplein grenst aan een bos, bevat een \u201cnatuurlijke zandkuil\u201d. Naast het plein zelf, is er nog een voetbalveld aanwezig. Tevens kunnen we gebruik maken van het sportveld naast het plein.<\/p>\n<p>De school zelf is compact en gekoppeld aan het dorpshuis. Daar waar mogelijk maken wij gebruik van de ruimtes die daar beschikbaar zijn. Tevens is de sportzaal in het complex aanwezig. Deze wordt dagelijks door de school gebruikt.<\/p>\n<p>Binnen onze school is er plaats voor zelfstandig werken. Drie lokalen beschikken over een werkzolder en in de hal is een computerhoek gerealiseerd. Op school wordt er gewerkt volgens het DIM (Direct Instructie Model). In elk klaslokaal bevinden zich attributen (planborden, Whiteboards, timetimers, stoplichten, instructietafels), die noodzakelijk zijn voor het dagelijks lesgeven. De lokalen zijn zodanig ingericht, dat de leerlingen zelf materialen kunnen pakken en opruimen.<\/p>\n<h4>4. Hoogtepunten<\/h4>\n<p>Alle hieronder genoemde onderwijshoogtepunten zullen het \u201cactieve\u201d gedrag van de leerlingen stimuleren. Een onderwijsactiviteit waarin leerlingen uitgedaagd worden tot participatie, tot meedenken en meedoen in het plannen maken, tot min of meer zelfstandig uitvoeren en tot mede verantwoordelijk zijn, zal leiden tot een echt onderwijshoogtepunt.<br \/>\nDe school wil zich profileren via bijzondere onderwijsprojecten en evenementen zoals:<\/p>\n<p>\u2022 De Projectweek plus presentaties<br \/>\n\u2022 Onze jaarlijkse fancy fair \u201cde Dobberalia\u201d<br \/>\n\u2022 Diverse boekprojecten<br \/>\n\u2022 De musical opgevoerd door alle groepen van de Dobbe<br \/>\n\u2022 De sportevenementen<br \/>\n\u2022 De kerstmaaltijd<br \/>\n\u2022 De paasbrunch<br \/>\n\u2022 De schoolreizen<br \/>\n\u2022 De kijkavond<br \/>\n\u2022 Ons adoptie monument van Fernand Begue<br \/>\n\u2022 De tweejaarlijkse Kerstmarkt<br \/>\n\u2022 De Dobbeshows<br \/>\n\u2022 Het cultuurmenu<br \/>\n\u2022 De spreekbeurten<br \/>\n\u2022 De boekpresentaties<br \/>\n\u2022 De twee jaarlijkse rommelmarkt<\/p>\n<h4>5. Partners van buiten<\/h4>\n<p>Natuurlijk kan een basisschool niet om externe personen heen. Wij trachten het maximale te halen uit de inzet van:<\/p>\n<p>\u2022 ICO Centrum voor Kunst en Cultuur<br \/>\n\u2022 Kunst en Cultuur Drenthe<br \/>\n\u2022 Provinciale Bibliotheek Centrale<br \/>\n\u2022 De Hasselbraam (voor-, na- en tussenschoolse opvang )<br \/>\n\u2022 Schoolmaatschappelijk werk<br \/>\n\u2022 Jeugdgezondheidszorg<br \/>\n\u2022 Scholen voor voortgezet onderwijs<\/p>\n<h4>Externe samenwerking<\/h4>\n<p>De Dobbe neemt in het dorp Gasselte een belangrijke plaats in. We zoeken naar samenwerking met al diegenen die samen met ons willen investeren in het heden en in de toekomst van de kinderen in het dorp Gasselte. Zij helpen ons om die bijzondere evenementen mogelijk te maken, die in het leven van een schoolgaand kind zo belangrijk kunnen zijn.<\/p>\n<p>De eerste samenwerkingspartners zijn en blijven natuurlijk de ouders en verzorgers van de leerlingen. De school schakelt hen in bij vieringen, projecten, excursies en sporttoernooien.<br \/>\nDe betrokkenheid van de ouders achten wij van groot belang. Het kind groeit op in het gezin, maar brengt daarnaast veel tijd door in de schoolomgeving. Door de betrokkenheid van de ouder kan er sprake zijn van een samenwerking tussen school en gezin die het onderwijs aan het kind, en dus ook de leerprestaties, ten goede komt. Daarnaast komt de ouder door de betrokkenheid bij school ook meer te weten over de school en over het onderwijs dat op de school wordt gegeven.<br \/>\nWe doen graag een beroep op de inwoners van ons dorp. De school neemt in de dorpsgemeenschap een belangrijke plaats in. Regelmatig betrekken wij de inwoners van ons dorp bij \u00e9\u00e9n of meerdere activiteiten.<br \/>\nVerder wordt er met tal van instellingen samengewerkt, die de school bij het vormgeven en ontwikkelen van haar onderwijs van dienst zouden kunnen zijn.<\/p>\n<p>Zoals:<br \/>\n\u2022 Dorpshuis \u201cDe Trefkoel\u201d<br \/>\n\u2022 De verenigingen in het dorp<br \/>\n\u2022 De plaatselijke middenstand<\/p>\n<h4>6. Leerkrachtkwaliteiten<\/h4>\n<p>De leerkrachten zijn niet alleen goed in het onderwijzen, maar ook in het organiseren van activiteiten waar de leerlingen veel leerervaringen kunnen opdoen. Dit vraagt de volgende kwaliteiten van een leerkracht die op onze school werkzaam is. Indien nodig dient de leerkracht zich hierin te bekwamen.<br \/>\nEen leerkracht die werkt op onze school met als motto:<br \/>\n&#8220;Succes is een reis met bestemming&#8221;<br \/>\n\u2022 Is flexibel, en staat open voor initiatieven<br \/>\n\u2022 Overziet de grote lijnen en heeft veel aandacht voor de kwaliteit van het onderwijsleerproces<br \/>\n\u2022 Is breed inzetbaar<br \/>\n\u2022 Is actief betrokken bij de leefwereld van de kinderen.<br \/>\n\u2022 Zoekt samen naar oplossingen en stuurt het onderwijsleerproces waarbinnen de kinderen leren om zichzelf optimaal te ontwikkelen<br \/>\n\u2022 Reageert op actualiteiten<br \/>\n\u2022 Geeft actief les, werkt planmatig en zorgt voor structuur binnen een rustige leeromgeving<br \/>\n\u2022 Is in staat een begeleidende rol aan te nemen.<br \/>\n\u2022 Respecteert het eigene van elk kind en komt waar mogelijk tegemoet aan de individuele onderwijsbehoeften.<\/p>\n<h4>De Dobbe is gebouwd op het zand, omringd door bos en heide<br \/>\nDe kom symboliseert veiligheid en geborgenheid.<br \/>\nDe bomen omarmen de kom, als zijnde een warme deken.<br \/>\nIs het moment van uitvliegen daar, dan hebben wij er samen voor gezorgd,<br \/>\ndat ze door de bomen het bos nog zien.<\/h4>\n","protected":false},"excerpt":{"rendered":"<p>Inleiding Leren doe je zelf, niemand anders kan dat voor jou doen. Een actieve werkhouding en motivatie zijn belangrijke factoren in een goed leerproces. In een actieve en ondernemende school worden leerlingen niet gezien als consumenten van kennis, maar als leerlingen die werken aan concrete uitdagingen. Hierbij zijn inzet, eigen &#8230;<\/p>\n","protected":false},"author":1,"featured_media":0,"parent":0,"menu_order":0,"comment_status":"closed","ping_status":"closed","template":"","meta":{"footnotes":""},"class_list":["post-7","page","type-page","status-publish","hentry","column","threecol"],"_links":{"self":[{"href":"https:\/\/obsdedobbe.nl\/index.php?rest_route=\/wp\/v2\/pages\/7","targetHints":{"allow":["GET"]}}],"collection":[{"href":"https:\/\/obsdedobbe.nl\/index.php?rest_route=\/wp\/v2\/pages"}],"about":[{"href":"https:\/\/obsdedobbe.nl\/index.php?rest_route=\/wp\/v2\/types\/page"}],"author":[{"embeddable":true,"href":"https:\/\/obsdedobbe.nl\/index.php?rest_route=\/wp\/v2\/users\/1"}],"replies":[{"embeddable":true,"href":"https:\/\/obsdedobbe.nl\/index.php?rest_route=%2Fwp%2Fv2%2Fcomments&post=7"}],"version-history":[{"count":9,"href":"https:\/\/obsdedobbe.nl\/index.php?rest_route=\/wp\/v2\/pages\/7\/revisions"}],"predecessor-version":[{"id":2204,"href":"https:\/\/obsdedobbe.nl\/index.php?rest_route=\/wp\/v2\/pages\/7\/revisions\/2204"}],"wp:attachment":[{"href":"https:\/\/obsdedobbe.nl\/index.php?rest_route=%2Fwp%2Fv2%2Fmedia&parent=7"}],"curies":[{"name":"wp","href":"https:\/\/api.w.org\/{rel}","templated":true}]}}